).
-11
Suppose -10*r + 89 = -51. Let n be r/3 - 4 - (-22)/(-6). Let v(x) be the third derivative of x**5/60 + x**4/8 + 2*x**3/3 + x**2. Give v(n).
4
Let j(i) = i**2 + 10*i + 43. Let c be (4/10)/((-58)/580). What is j(c)?
19
Let r(b) = b**2 + 14*b - 47. Let q be (33 + 1)/(138 - 140). Determine r(q).
4
Suppose -31 + 4 = 9*a. Let v be (-66)/(-44)*(-26)/a + -4. Let y(n) = 3*n - 12. What is y(v)?
15
Let v be -5 + 1 + (5 - 7). Let c be 54/10 + 12/20 + -4. Let u(q) = -5*q - q**3 - 2 + 22*q**2 - 8*q**2 - 10*q**2 - c*q**2 - 9*q**2. Determine u(v).
-8
Let c(g) be the third derivative of -g**4/24 + 5*g**3 + 3*g**2. Let w = -6199 - -6199. Determine c(w).
30
Let w = 7 + -5. Suppose w*b + 2 + 2 = -2*s, s - 10 = 2*b. Let r(v) be the first derivative of -3*v**2/2 + v + 406646. Calculate r(s).
-5
Let p be (-1)/(1*(-1)/2). Let d(c) = -c**3 + 5*c**2 + 2*c + 2. Let r(o) = -o**2 + 0*o + 0*o - 4594 + 4593. Let h(s) = -d(s) - 4*r(s). What is h(p)?
2
Let q(r) be the first derivative of r**4/8 - r**3/3 - 9*r**2 - 78. Let l(a) be the second derivative of q(a). Calculate l(3).
7
Let l(r) be the first derivative of -r**4/2 + r**3 + 3*r**2/2 - 1118. Give l(3).
-18
Let x(t) = 1521*t - 16 + 23 - 18*t**3 - 1528*t. What is x(1)?
-18
Let d(m) be the first derivative of 1 - 5/3*m**3 + 3*m - 1/4*m**4 - 3/2*m**2. Suppose -12 = 3*p - 0. What is d(p)?
-1
Let n(w) = 5*w - 1. Let g(k) be the third derivative of -k**4/3 + k**3/6 - 81*k**2. Let h(v) = -4*g(v) - 7*n(v). Calculate h(2).
-3
Let f(a) = -54*a + 1076. Suppose 0 = -1008*i + 1005*i + 5*t + 45, -3*i + 2*t = -54. What is f(i)?
-4
Let t(q) be the third derivative of -q**4/4 + 6*q**3 + 20*q**2. Let d be t(7). Let s(n) = -n - 8. What is s(d)?
-2
Let r be 3/7 - 5723/679. Let t(a) = 9*a + 5*a**3 - 6*a**3 - 7*a**2 + 0*a**3 - 3. Give t(r).
-11
Let j(s) = -29*s - 113. Suppose 5*n + n + 36 = -3*n. What is j(n)?
3
Let x be (3 + -6 - 1) + -6. Let t(u) = 13*u**2 - 1 - 12*u + 4*u - 14*u**2 + u - 4*u. Determine t(x).
9
Let t(k) = k**2 + 24*k + 143. Let b be t(-10). Let j(d) = 4*d**2 - 5*d + 5. Calculate j(b).
26
Let h(k) = -6*k**2 + 35*k - 5. Let d(r) = 15*r**2 - 73*r + 12. Let w(x) = 4*d(x) + 9*h(x). Give w(-4).
7
Let a be ((-160)/(-48))/(-1 - 10/(-6)). Suppose 3*r - 5 = -r - x, x - 7 = -a*r. Let c(w) = 8*w. What is c(r)?
16
Let n(u) = u**3 + 9*u**2 + 15*u + 8. Let o be (-16)/(-56) + 561/(-77). Calculate n(o).
1
Let c(p) = -2*p**2 - 32*p + 16. Let v be c(-16). Let r(q) = -v + 0 - 6*q + 3*q + 2*q. Let w = -10 + 10. Calculate r(w).
-16
Let h = 99059 + -99051. Let m(s) be the third derivative of -s**6/120 + 2*s**5/15 + s**4/24 + 2*s**3/3 - s**2. Calculate m(h).
12
Let t(n) = -n**3 + 9*n**2 - 5*n - 59. Let w = 3870 + -3863. What is t(w)?
4
Let s(x) be the second derivative of -7*x**3 - 9*x**2/2 - 6340*x. Give s(-2).
75
Let j(d) = -d**2 + 3*d - 6. Let x(b) = 53*b - 844. Let c be x(16). Give j(c).
-10
Let f(p) = 6*p**2 - p - 1. Suppose -8*h - 2312 = -8320. Let s = -752 + h. Give f(s).
6
Let b(x) = -x - 2 + 0*x - 2. Suppose 5*s - 12*s = 4*s. Let f be (s - -1) + 3/9*-12. Give b(f).
-1
Suppose -6*i + 48 = 12. Let x(r) = -r**2 + 0 - 8 - 10 - i*r + 6. Determine x(-8).
-28
Suppose 24*b + 2 = 23*b. Suppose -5 = -7*j + 9. Let d(a) = -1 - 2 - 2 + 3 - a**j. What is d(b)?
-6
Let i(c) be the first derivative of c**6/360 + c**5/20 + 7*c**4/24 + c**3/3 + 35. Let x(d) be the third derivative of i(d). What is x(-6)?
7
Let z = 505 + -513. Let f(t) = t**2 - 10*t - 151. Let u be f(z). Let j(l) = 0*l + 3*l - 1 - 2*l. What is j(u)?
-8
Let n(j) = j**3 + 4*j**2 - 2*j - 5. Let q = -709 + 714. Suppose q*o = 2*u - 18, 3*o - 6*o - 7 = -5*u. Give n(o).
3
Let k(b) = 8*b + 2. Let n(j) = 19*j - 43. Let q(m) = 3*k(m) - n(m). Give q(-9).
4
Suppose 28*q = 26*q + 12. Let z(s) = 2*s - 18 + q + 12. Give z(-5).
-10
Let a(h) be the third derivative of 41*h**6/120 + h**5/20 - h**4/24 - h**3/3 + h**2 + 11. Give a(-1).
-39
Let x(r) = 3*r**3 - 2*r**2 + 1. Suppose 0 = 8*j + 6*j + 42. Let k(h) = h**2 + 6*h + 10. Let f be k(j). What is x(f)?
2
Let t(v) = -v**2 - 2*v. Let y = 929 - 654. Suppose 5*i - 260 = -y. Determine t(i).
-3
Let y(k) be the third derivative of k**5/20 + 11*k**4/12 + 25*k**3/6 - 2546*k**2. Give y(-6).
1
Let m(c) = 8*c + 5. Let r(i) = 4*i + 3. Let v = 55 - 62. Let z(u) = v*r(u) + 4*m(u). Determine z(-4).
-17
Let y(b) = 6138 - 20*b**2 - 3*b**3 - 2*b**3 + b**3 + 19*b + 3*b**3 - 6159. Determine y(-21).
21
Let m(r) = -r**2 + 3*r - 13. Let z = 5246 - 5251. Determine m(z).
-53
Let c(d) = 4*d - 1. Let o be c(1). Suppose -o*m = -18 - 54. Let l = -30 + m. Let j(s) = -s - 7. Calculate j(l).
-1
Let s(u) be the first derivative of 5*u**2/2 + 11*u + 200051. Let j = 0 + -3. What is s(j)?
-4
Let u be 6*(3 + 0 - 0). Suppose 4*f - 22 = -5*m + 2*f, -3*f = 5*m - u. Let g(q) = -q**3 + 7*q**2 - 4*q + 3. Determine g(m).
15
Let v(j) = 158*j**2 + 33*j + 8. Let m(f) = 197*f**2 + 32*f + 6. Let n(w) = -4*m(w) + 5*v(w). Determine n(-18).
-2
Let r(i) be the first derivative of -2*i**2 + 907. Let y = 29 - 24. Give r(y).
-20
Let i(h) = 13*h - 128. Let z be i(10). Let m(p) = 72*p**z + 3 + 3*p - 74*p**2 - 6 + 0*p + 0*p. Give m(-4).
-47
Let r = 96 - 74. Suppose 2*j - 82 = -r. Let m = j - 28. Let t(b) = -4*b. Calculate t(m).
-8
Let u(x) = -4*x**2 + 17*x + 21. Let h(z) = z**2 - 6*z - 7. Let d(y) = -7*h(y) - 2*u(y). Let i = -357 - -351. What is d(i)?
-5
Let w(g) = g**2 + 10*g - 50. Suppose 0 = -16*z - 188 - 36. Calculate w(z).
6
Let s(f) be the first derivative of -13*f**2/2 + 136*f + 347. What is s(10)?
6
Suppose -5*l - 280 + 1055 = 0. Let q(z) = z**2 - 1 + l*z - 4 - 79*z - 77*z. Let i(d) = 4*d - 28. Let j be i(7). Determine q(j).
-5
Let m(h) = -4*h**3 - 8*h**2 - 17*h + 69. Let s(w) = -11*w**3 - 25*w**2 - 51*w + 189. Let o(z) = 8*m(z) - 3*s(z). Give o(-9).
-6
Suppose 40*z + 1172 = 17572. Suppose z = 17*i + 308. Let t(v) = 5*v - 14. Determine t(i).
16
Let x(i) = 5*i**2 - 13*i + 11. Let n be x(1). Let s(c) = -2*c - 4*c**2 + 5*c + 4 - 4 + 0*c**3 + c**n. Give s(2).
-2
Let o(p) = p**2 - 2*p - 6. Let l(y) = -y**2 + 18*y - 32. Suppose 4*n + i - 68 = 0, 5*n + 20 = -3*i + 112. Let x be l(n). Calculate o(x).
-6
Let z(t) be the second derivative of t**3/6 - 5*t**2/2 - t. Suppose -2*d = 3*o - 28, d - 5*o = -3*d + 100. Let f be d/8*32/10. What is z(f)?
3
Let d(q) be the third derivative of 8*q**2 + 0 - 2/3*q**3 - q + 1/12*q**4. Give d(2).
0
Let g(c) = 2*c + 7. Let l be (-3)/18 + 35/30 - -20. Suppose -6*s = -l*s - 75. Calculate g(s).
-3
Let r(p) = -p**2 + 6*p + 9. Suppose 4341*t + 50 = 4346*t. Determine r(t).
-31
Let n = 238 + -236. Let r(s) = -3*s**2 - 7 - s**2 - 4 + s - 1 + 5*s**n. What is r(0)?
-12
Let g(l) be the third derivative of -l**6/120 - l**5/20 + l**4/12 - 5*l**3/6 - 16*l**2 + 2*l + 2. Calculate g(-4).
3
Let b(m) = m**3 + 20*m**2 - 17*m + 65. Suppose -i - 2*o - 395 = -392, 0 = -5*i - 4*o - 69. Calculate b(i).
-19
Suppose 0 = -8*s + 64 - 120. Let h(r) = r**2 + 6*r - 5. Calculate h(s).
2
Let i(d) be the second derivative of 2*d**3/3 + 14*d**2 - 413*d. Calculate i(-7).
0
Let x be -1 - (-22)/(29 + -18). Let o(b) = 56*b + 1. Determine o(x).
57
Suppose 2*m - 4*n = 5*m - 13, 0 = -2*m - 2*n + 10. Let j(u) = 2 - 8 + m + 2*u. Give j(-1).
-1
Let c be 88/(14 + -10 + -6). Let b(s) = -s**2 - 49*s - 219. Calculate b(c).
1
Let h(p) = -17*p + 6. Suppose -5*s - 20 = -305*a + 300*a, 5*s = -2*a + 15. Give h(a).
-79
Let n(s) = -s**2 - 15*s + 24. Let x be (-48)/216 - (-284)/(-18). Calculate n(x).
8
Let r(y) = 7*y + 20. Let z(m) = 5*m + 21. Let w(c) = 3*r(c) - 2*z(c). Calculate w(-5).
-37
Let t = -3742 - -3747. Let h(p) be the third derivative of 0 - 5/24*p**4 - 1/6*p**3 - 1/60*p**t + 0*p + 3*p**2. Give h(-4).
3
Suppose 5*p + 4 = -2*k - 8, -40 = -5*k + 5*p. Let s(m) = -21 + 6 + 14 + 0*m + k*m. What is s(1)?
3
Let h(k) be the first derivative of -5*k**4/4 + 9*k**2 + 12*k - 197. Let d(c) = -4*c**3 - 2*c**2 + 17*c + 12. Let i(a) = 4*d(a) - 3*h(a). Determine i(-9).
-33
Let c(u) = -u**3 - 15*u**2 + 5*u + 69. Let b be c(-15). Let a(k) = 4*k + 13. Let s(g) = g + 3. Let w(d) = 6*a(d) - 26*s(d). Give w(b).
12
Let d(q) = -q**3 + 5*q**2 + q - 6. Let m be d(6). Let p be ((-48)/m)/(4/(-6)). Let g(f) = -3*f - 10 + 12 + f. Give g(p).
6
Suppose -c + 6 - 18 = -5*f, -2*f + 4 = 0. Let j(p) = -3 + 6*p - 11 + p - 5*p + 2. Let d(z) = 3*z - 20. Let r(u